se -4*z + u*z = -20. Suppose z*l = -2*m + 23, 3*l - 5*m - 8 = 12. Let n(b) = b**3 - 5*b**2 - 2*b + 3. What is n(l)?
-7
Let d(h) = -7*h**2 + 4. Let x(y) = y**2. Let a(p) = d(p) + 6*x(p). What is a(0)?
4
Suppose 3*b = -10 - 5. Let m = b + 12. Suppose 2*g + 5*i = -16, 3*i - m*i - 8 = 0. Let j(t) = -t**2 - 2*t - 2. Calculate j(g).
-5
Let f(n) = 5 - 3 + 10*n - 4 + 1. Let s(d) = -d + 5. Let z be s(4). Give f(z).
9
Let u(w) = w**3 + 6*w**2 + 4*w - 4. Let o = -21 - -23. Suppose r + 15 = 2*m - 4*m, -o*m + 15 = -5*r. Determine u(m).
1
Let j = -30 + 18. Let h be 34/8 + 3/j. Let f(s) = s + 2 - h + 3. Calculate f(-2).
-1
Let d(y) = -y**2 - y - 1. Let f(v) = -v**2 + 2. Let w be f(2). Let l be (-1)/w - 11/2. Let x = l - -5. Determine d(x).
-1
Let z be 1 + -3 - -1*4. Let o(c) = 11 - 4 + c**3 + c + 0*c**z - 2*c - c**2. Suppose 0 = 10*y - 8*y. Calculate o(y).
7
Let o(h) = 7*h**3 + 5*h**2 + 7*h + 11. Let n(a) = -15*a**3 - 10*a**2 - 14*a - 23. Let f(r) = 6*n(r) + 13*o(r). Determine f(-4).
-7
Let u(m) = m - 5. Let c(w) = -2*w - 10. Let r be c(-7). Calculate u(r).
-1
Let c(d) = d**3 - 5*d**2 + 5*d - 5. Let r be 27/7 - (-6)/42. Calculate c(r).
-1
Suppose -4*b = b - 10. Suppose 5*h - 2 = 8. Let i(v) = v**2 + v**h + 6*v**3 - v**b. Determine i(-1).
-5
Let i(l) = 1 + 0 - 4*l + 0*l + 3*l. Calculate i(-3).
4
Let y(u) = 17*u**3 + 7*u**2 + 2*u + 1. Let p(m) = 18*m**3 + 6*m**2 + 2*m + 1. Let b(t) = 5*p(t) - 4*y(t). Give b(-1).
-21
Let w(b) = 3*b**2 + b. Let m be w(-1). Suppose -24 = -5*s - 2*u, -4*u = m*s - 12 - 4. Let p(g) be the second derivative of g**3/6 + 4*g. What is p(s)?
4
Let b(a) be the third derivative of 0 - 1/10*a**5 - 1/2*a**3 - 5*a**2 + 0*a - 5/24*a**4 - 1/120*a**6. What is b(-5)?
-3
Let y(t) be the second derivative of -t**3/6 - 5*t**2/2 - 3*t. Let v(b) = -b**2 + 6*b + 2. Let c be v(6). Let k = c + -6. Calculate y(k).
-1
Let n(o) be the second derivative of -o**4/12 - o**3/6 - o**2 + 5*o. Let z(i) = -i**2 - 2. Let d(a) = -2*n(a) + 3*z(a). Calculate d(2).
-2
Let z(g) = 7*g**2 - 9*g + 6. Let v(w) = -3*w**2 + 4*w - 3. Let b(s) = 9*v(s) + 4*z(s). Let k(m) = m + 1. Let l be k(4). Suppose -2*q + l = -1. Give b(q).
6
Let i(f) be the second derivative of -2*f + 1/12*f**4 - 5/2*f**2 + 0 - 1/6*f**3. What is i(4)?
7
Let n be ((-2)/3)/(2/(-3)). Let d(w) = w - w - 2*w + 11*w. Calculate d(n).
9
Let s be ((-4)/(-2))/(6/9). Suppose -3 = -d + s. Let l(a) = -a**3 + 5*a**2 + 3*a + 8. Determine l(d).
-10
Let h(r) = -4 + 4*r**3 - 3*r + 5*r**2 + 3*r**3 + 4*r**3 - 10*r**3. Give h(-5).
11
Let q(a) = -3 - 2*a + 2 + 4 - 1. What is q(8)?
-14
Let j(u) = 3 + 38*u - 5*u**2 + 3*u**2 - 32*u. What is j(5)?
-17
Let u(b) be the second derivative of b**5/20 + b**4/4 + b**3/2 + b**2/2 + 2*b. Let c(k) = -2*k + 4. Let m be c(3). What is u(m)?
-1
Suppose 0 = -6*b + 3*b + 9. Suppose 2*y + 4*c - 22 = 0, -y - 1 - b = -3*c. Let k(i) = i - 2*i - 2 + 0*i. What is k(y)?
-7
Let j = -6 + 11. Let f(b) = -b**2 + 6*b - 4. Give f(j).
1
Let w(t) = -2*t. Let r(k) = k + 9 - 9. Let s(b) = 4*r(b) + 3*w(b). Calculate s(3).
-6
Let a(k) = -15*k**3 + 4*k**2 + 7*k + 10. Let f(z) = 8*z**3 - 2*z**2 - 4*z - 6. Let b(o) = -3*a(o) - 5*f(o). Let w be (-1)/(-1 + -1 + 3). Calculate b(w).
-6
Let j(c) be the first derivative of -2*c**3 - c**2/2 + 1. Determine j(-1).
-5
Let c(q) be the second derivative of q**4/12 + q**3 - q**2/2 + q. Let d(o) = -o**2 - 3*o + 13. Let k be d(3). Calculate c(k).
-6
Let u(y) = -9 - 14*y + 0*y**2 - 4*y**2 + 16*y. Let l(d) = -3*d**2 + d - 8. Let n(f) = -5*l(f) + 4*u(f). Determine n(3).
4
Let z(m) = -16*m**2 - 19*m - 24. Let w(g) = -3*g**2 - 4*g - 5. Let l(n) = -11*w(n) + 2*z(n). Determine l(-5).
2
Let y(x) = -9 - 60*x**3 + 61*x**3 + 0*x + x. Let c(w) = w - 7. Let d be c(6). Let g be (-1)/(-5) - d/(-5). Give y(g).
-9
Let a(d) = -d - 6*d + 4*d + d + 8*d**2 + 1. Determine a(1).
7
Let w(b) be the first derivative of 3*b**2 - 3*b + 28. Give w(-4).
-27
Let j(n) = n**3 + 2*n + 3. Let m(a) = -a + 1. Let c be m(-4). Suppose -10 + 0 = c*w. Calculate j(w).
-9
Let p = -13 - -7. Let u(h) be the third derivative of -h**4/24 + h**2. Give u(p).
6
Let k(i) be the first derivative of -i**6/360 - i**5/20 - i**4/24 + 2*i**3/3 - 2. Let o(q) be the third derivative of k(q). Give o(-5).
4
Let i(a) = -6*a**3 - 2*a**2 - a - 3. Let f(u) = -u**3 + u**2 + u + 1. Let s(r) = -2*f(r) - i(r). Let p(o) = -4*o - 3. Let t be p(-1). Calculate s(t).
8
Let y(c) be the second derivative of -c**5/20 - c**4/12 + 4*c. Determine y(-1).
0
Let c = 26 + -20. Let t(s) be the first derivative of -s**4/4 + 2*s**3 + s**2/2 - 5*s + 1. Determine t(c).
1
Let l(i) = -1 + 0 + 5 + i. Calculate l(0).
4
Let t(b) = b**3 + 3*b**2 - 2*b - 1. Suppose 5*j = y - 3, 3*y + y - 3*j = 12. Suppose 11 = -y*v + x, 4*v - 5*x + 1 = 7*v. Give t(v).
5
Let l(v) be the second derivative of v**5/20 - v**4/2 + 5*v**3/6 + 2*v**2 + 20*v. What is l(4)?
-8
Let u = -6 + 3. Let z(f) be the second derivative of f**6/360 + f**5/20 + f**4/12 - 2*f**3/3 + 2*f. Let p(v) be the second derivative of z(v). Give p(u).
-7
Suppose -3*d = -d + b, -5*d = 2*b. Let v(g) = g**2 + g - 6. What is v(d)?
-6
Let t be (-105)/(-14)*2/3. Let g(l) = -l**2 + 3*l + 3. Calculate g(t).
-7
Let p(h) be the first derivative of 1/3*h**3 + 0*h**2 - h**4 + 1 + 0*h. Determine p(1).
-3
Let g(i) = -18*i**3 - 7*i**2 - 7*i - 7. Let h(n) = -34*n**3 - 13*n**2 - 13*n - 13. Let u(x) = -11*g(x) + 6*h(x). Give u(-1).
5
Let f = -5 - -7. Suppose 4*r = -2*y + 22, -25 = -7*y + f*y. Let u(h) = -h**3 + 2*h**2 + h + 2. Determine u(r).
-4
Let s(x) = 2*x - 6. Let h be s(5). Let n(z) = -5*z**2 + 10*z - 11. Let j(b) = -4*b**2 + 9*b - 10. Let d(v) = h*j(v) - 3*n(v). Let i = 16 + -11. What is d(i)?
-2
Suppose 3*a = a - 8. Let n(l) = 8*l**3 - 26*l**2 - 17*l - 29. Let f(i) = -3*i**3 + 9*i**2 + 6*i + 10. Let y(c) = a*n(c) - 11*f(c). Determine y(-5).
-4
Let b(k) = -k**3 - 7*k**2 - k - 5. Let i = -74 + 67. Determine b(i).
2
Let k(o) = 0*o**3 + 11*o**2 + 7 - 6*o**2 + o**3. Let p = 11 - 16. Calculate k(p).
7
Let k be (-8)/(-1) + -2 - 0. Let q(j) = 8 - 6 - 2*j - k. Let t be (-2)/(-1) - (0 - 1). What is q(t)?
-10
Let y(o) = o**2 + 6. Suppose 4 = 3*b - 5. Suppose -b*i + 15 = -8*i. Let n be i + (5 - -1 - 3). Determine y(n).
6
Let m(x) = 2*x**2 - 2*x + 3 - x**2 - 2*x. Let o(l) = -l**3 - 4*l**2 - 3*l + 4. Let a be o(-3). Suppose -7 = u + 5*i, 6*u = u + a*i + 23. Determine m(u).
0
Let i(n) = -3*n**2 - 10*n + 27. Let r(j) = -2*j**2 - 7*j + 18. Let v(m) = -5*i(m) + 7*r(m). What is v(0)?
-9
Let a(w) = -2*w + 10. Let x = 155 + -146. What is a(x)?
-8
Let q(k) be the second derivative of -k**3/6 - 151*k. Let m = -9 - -2. Give q(m).
7
Let t be 2 - (-9)/(-3) - -3. Let z(c) = -4*c - 2*c + 4 - 2. What is z(t)?
-10
Let s be (-10)/(-14) - 14/(-49). Let d(x) = -x - 4*x**3 + 6*x**2 - s + 3*x**3 - 4 - 2*x. Determine d(5).
5
Let x(l) = -2*l**2 - l - 1. Let k be (0 + 0/2)/1. Let g = 2 + k. Suppose 0*z - g*d = -4*z - 14, 0 = 4*z + 3*d - 1. Determine x(z).
-7
Let s(d) = d + 3 - 2 + 0*d. Suppose 0 = -5*i - 5, -2*j + 3*i + 4 = -1. Suppose -3*p = -2*p + j. Give s(p).
0
Let k(j) be the first derivative of j**2/2 + 4*j + 2. Let g be k(0). Suppose -13 - 7 = -g*t. Let w(u) = u**2 - 6*u + 2. Calculate w(t).
-3
Let j = 8 + -8. Let y(d) be the second derivative of j*d**2 + 1/6*d**3 + 2*d + 0. Calculate y(0).
0
Suppose w - 4*r - 4 - 12 = 0, 2*r + 8 = 2*w. Let m be 5/(-1 + 2) + w. Let d(i) = -i**3 + 5*i**2 - 2*i + 6. Determine d(m).
-4
Let g(u) be the first derivative of u**2 + 5*u + 2. Suppose 0*k = -3*k + 4*z - 35, 0 = -k - 4*z + 15. What is g(k)?
-5
Let b(a) = -a**3 - 7*a + 2*a**3 + 0*a - 6 + 16*a**2 - 11*a**2. Give b(-6).
0
Let z(s) be the third derivative of -1/120*s**6 + 5*s**2 - 1/60*s**5 + 7/6*s**3 + 0*s + 0*s**4 + 0. Give z(0).
7
Let o(w) = -2*w**2 + 1. Let j = -3 - -1. Let d = -1 - j. What is o(d)?
-1
Let f = -6 + 3. Let j(k) be the first derivative of -2*k**3/3 - 2*k**2 - 5. Give j(f).
-6
Let z(p) be the first derivative of -p**4/12 - 2*p**3/3 + p**2 + 4*p - 2. Let s(o) be the first derivative of z(o). Give s(-5).
-3
Let u(i) be the third derivative of 5*i**4/24 + i**3/2 - 7*i**2. Let o(c) = 0 - 5 - 2 - 11*c. Let t(b) = -2*o(b) - 5*u(b). Give t(3).
-10
Let d(h) = 4 + 3*h**2 - 5*h**2 - 2. Suppose 7*g - 4*g - 6 = 0. Let o be ((-3 - 0) + 2)*g. Give d(o).
-6
Suppose -2*t + 0*d